r of 20 and q.
4
Let m(n) = -5*n**3 - n**2 + 6*n + 2. Let u be m(-3). Calculate the highest common factor of 44 and u.
22
Let w(g) = -g**2 - 13*g - 15. Suppose -5*c + 15 = -2*s - 0*s, 3*s + c + 31 = 0. Let k be w(s). Calculate the greatest common divisor of k and 15.
15
Let z be (4/10)/(2/10). Suppose s + 119 = z*s. Calculate the greatest common factor of 17 and s.
17
Let q = 15 - 3. Let w = 17 + -11. Calculate the highest common factor of w and q.
6
Let p(o) = o + 1. Let s be p(-1). Suppose 4*f + s*f = 296. Suppose c + q = 26, f = 5*c + 2*q - 68. What is the greatest common divisor of 6 and c?
6
Suppose -4*h = 4*i - 44, -4*h - 1 = i - 0*i. Let f be 1 + 0 + i/3. Let m = -4 - -10. What is the highest common factor of f and m?
6
Suppose -5 = -2*k + u, 2*u + 2*u = -2*k. What is the greatest common divisor of k and 2?
2
Let j be (-3)/6*2*-21. Suppose -g + 59 = -j. Let a be (2/3)/(1/24). What is the greatest common divisor of g and a?
16
Suppose 5*n - 5*s - 187 = 3*n, 5*n + 3*s - 390 = 0. Let m(t) = -t**2 + t + 2. Let r be m(-3). Let c = -1 - r. Calculate the highest common factor of c and n.
9
Suppose 11*d - 4*d - 896 = 0. Calculate the greatest common factor of d and 64.
64
Let y = -106 - -108. Calculate the greatest common divisor of y and 50.
2
Let k(m) = m**2 + 2*m - 8. Let y be k(5). Calculate the highest common divisor of 18 and y.
9
Let u(j) = 2*j**2 - 6*j - 2. Let k be u(5). What is the greatest common factor of k and 36?
18
Let t(q) = -5*q**2 - 4*q - 7. Let l(f) = 11*f**2 + 7*f + 13. Let m(n) = 6*l(n) + 13*t(n). Let g be m(12). Calculate the greatest common factor of g and 55.
11
Let r = -58 - -121. Let j = -18 - -27. What is the greatest common factor of r and j?
9
Let t be 1/(2/(-3))*-2. Calculate the highest common factor of 33 and t.
3
Let l(k) = -11*k**2 + 7*k + 1 - 2 - 1 + 15*k**2. Let q be l(-6). Calculate the highest common divisor of q and 10.
10
Suppose 0 = -3*d - 2*d + 440. Suppose 4*i - i + 27 = 0. Let r be 6/i + (-105)/(-9). Calculate the highest common divisor of d and r.
11
Suppose 71 = 2*x + 15. Let j(i) = -11*i + 1. Let p be j(-3). Suppose -4*c + 246 = -p. What is the greatest common divisor of c and x?
14
Suppose -3*g - 2*a = -35, -3*a + 0*a = 3*g - 39. Suppose -3*q + 117 = 3*l, 4*q = -l + 51 - 3. What is the highest common factor of l and g?
9
Let f(s) = -s - 3 + s**3 - 8*s**3 + 4 + 9*s**3. Let d be f(2). Let r be (3/(-6))/(2/(-60)). Calculate the greatest common divisor of d and r.
15
Suppose 0*l + 20 = 5*l. Let h(m) = -m**2 - 5*m - 2. Let y be h(-4). Suppose q + 4*q + 3*n = 49, y*n = -l*q + 40. Calculate the highest common factor of 1 and q.
1
Suppose 5*r - 206 = 14. What is the greatest common divisor of 33 and r?
11
Let j(q) = -9*q - 3. Let g be j(-2). Calculate the greatest common divisor of g and 135.
15
Suppose 3 = 3*o - 21. Calculate the greatest common divisor of 64 and o.
8
Let r = 1247 + -689. Suppose -5*f - 83 + r = 0. Let z = 32 + 6. What is the highest common divisor of f and z?
19
Suppose 30 = 4*c - 34. Let x = -7 + c. Calculate the highest common factor of 9 and x.
9
Let p = 14 - 10. Suppose -3*y + 4*z = -79, -p*z + 152 = -y + 5*y. What is the greatest common factor of y and 22?
11
Suppose d - 6 = -13. Let f = 11 + d. What is the greatest common factor of f and 20?
4
Let t(z) = z**3 - 8*z**2 + 2*z - 14. Let y be t(8). Calculate the highest common divisor of 18 and y.
2
Let k(r) = -4*r + 39. Let c be k(8). Calculate the highest common factor of c and 63.
7
Let k(p) = p**2 + 2*p + 5. Let y be k(-4). Suppose -3*w + 283 = -5*s, -5*w + 4*s = -w - 372. What is the greatest common divisor of y and w?
13
Suppose -24*b + 60 = -19*b. What is the highest common divisor of 12 and b?
12
Let c(b) = b**3 - 7*b**2 + b - 1. Let t be c(7). Let q be 0 - (-2)/2 - -5. What is the highest common divisor of q and t?
6
Let c(u) = -u + 4 + u + 2*u. Let o be c(4). What is the highest common factor of o and 36?
12
Let i(c) = c**3 - 27*c**2 - 27*c - 8. Let p be i(28). Suppose 2*b - 43 - 117 = 0. Calculate the highest common divisor of p and b.
20
Let j be (20 + 0)*(-10)/(-40). Suppose 4*z + 184 = j*t, -2*t + 4*z + 74 = 2*z. Calculate the greatest common factor of t and 12.
12
Suppose -2*b + 3*g = -1 + 2, g = 3*b - 2. Let c(r) = 2*r - 1. Let t = 10 + -5. Let q be c(t). Calculate the highest common divisor of b and q.
1
Let b be -1 + (0 + -5)*-1. Suppose -4*d + 3*z - 4 = -52, 0 = -5*d - 4*z + 29. Let t = -5 + d. What is the highest common factor of t and b?
4
Let j be (162/21)/((-4)/(-112)*6). What is the highest common divisor of j and 144?
36
Let i = 203 + -26. Let m = i + -44. What is the greatest common divisor of m and 19?
19
Let p be 1 + 25 + 6/3. Let s be p/6*(-6)/(-2). Let l = s + -10. What is the highest common factor of 4 and l?
4
Let h(o) = 4*o**2 + 2*o. Let n be h(-2). Calculate the highest common divisor of 9 and n.
3
Let j be (-18)/(-4)*12/18. Let d be ((-6)/(-18))/(1/j). Suppose 7 = 3*l - 14. What is the greatest common factor of d and l?
1
Suppose t - 57 + 6 = -3*j, 2*j + 5*t - 47 = 0. What is the greatest common factor of j and 144?
16
Suppose 11*s = -3*j + 6*s + 268, 2*s = 5*j - 395. Calculate the greatest common factor of 9 and j.
9
Suppose 13 = u - 0*u - 2*y, -2*u = y - 6. Suppose -h - 1 = -3*v + 267, -u*h = -2*v + 170. Calculate the greatest common factor of v and 36.
18
Suppose 3*w = -5*o - 8, -20 = o + 4*o. Calculate the greatest common factor of 44 and w.
4
Let r be (-2)/(-8) - 6/24. Suppose -i - 4*i + 50 = r. Calculate the highest common divisor of i and 80.
10
Let r(n) = n**3 - 7*n**2 - 6*n. Let w be r(10). What is the highest common factor of 30 and w?
30
Let k be 1 + -1 - (2 - 7). Suppose 360 = -0*h + k*h. Let s = -6 - -15. What is the highest common factor of s and h?
9
Let f(u) = u**3 + u**2 - u + 15. Let v be f(0). Let z be 3/((-2)/1002*3). Let j be z/(-33) + (-4)/22. What is the highest common divisor of j and v?
15
Let w be ((-2)/(-4))/(4/8 - 0). Calculate the greatest common factor of w and 5.
1
Let f = 0 + 3. Suppose 8*p - f*p = 40. Suppose -2*v = -6 - p. Calculate the highest common factor of 7 and v.
7
Suppose 0 = 2*j - 7*j - 15. Let z = -1 + j. Let q = 8 + z. Calculate the greatest common factor of 10 and q.
2
Let d be 2/(-3)*(-1 + -32). Let u be 1 + 2*d/4. Suppose -5*q + p = -425, 174 + 226 = 5*q + 4*p. What is the highest common factor of q and u?
12
Let o(a) = a**2 + 11*a - 14. Let t be o(-12). Let y be 14/t*(-30)/7. What is the greatest common divisor of y and 12?
6
Suppose -17 = -2*r + 3*w + 1, -3*r = 2*w - 27. Calculate the greatest common divisor of r and 36.
9
Let b = 216 + -118. Let m = 138 - b. Calculate the highest common divisor of 10 and m.
10
Let y = 28 - 40. Let m(x) = -x - 9. Let f be m(y). Suppose -5 = -4*n + f. Calculate the greatest common factor of n and 2.
2
Let f = -61 - -75. Calculate the highest common divisor of 154 and f.
14
Let b = -2 + 10. What is the highest common divisor of b and 6?
2
Let v = -1 - -7. Calculate the greatest common factor of v and 12.
6
Suppose -1 = -2*d + 1. Let v = -18 + 20. Calculate the highest common divisor of d and v.
1
Let p be (4 - 5 - 91)/(-2). Suppose 4*u - 4*f + 17 = 273, -5*u = -f - 340. Calculate the greatest common divisor of p and u.
23
Let n = -11 - -31. Let a = n + -2. Suppose -3*p + 5*f + 0*f = 14, p - 5*f + a = 0. What is the greatest common factor of 3 and p?
1
Suppose -2*a + 40 = -4*a. Let r = 18 - 33. Let l be (r/a)/((-1)/(-40)). What is the greatest common factor of 6 and l?
6
Suppose 0 = -3*g - 0 - 6. Suppose 8*y = y + 28. Let l = y + g. What is the greatest common factor of 10 and l?
2
Suppose -h + 20 = 5*j - 2, -4*j = h - 18. Let f be h/(-3) + 28/6. What is the greatest common divisor of 8 and f?
4
Let u be ((-30)/35)/(1/(-21)). Suppose -u = -0*i - 3*i. Calculate the greatest common factor of i and 54.
6
Let j be 2/(-4) + 45/6. Let q = 1 + j. Calculate the highest common factor of 12 and q.
4
Let a = 82 + -76. What is the greatest common factor of 66 and a?
6
Suppose -d - 8450 = -0*d. Let o be d/(-70) + 4/14. What is the greatest common factor of 11 and o?
11
Suppose 2*k - k = 3. Suppose 3*a + k*q + 63 = 6*a, 2*a - 4*q = 36. What is the greatest common factor of 24 and a?
24
Let x = -68 - -113. Suppose -5*j + 10*j - 75